{"id":1804,"date":"2020-12-21T08:04:28","date_gmt":"2020-12-21T06:04:28","guid":{"rendered":"http:\/\/tapiohaapalahti.fi\/?page_id=1804"},"modified":"2021-05-18T11:35:22","modified_gmt":"2021-05-18T08:35:22","slug":"artist-statement","status":"publish","type":"page","link":"https:\/\/tapiohaapalahti.fi\/index.php\/artist-statement\/","title":{"rendered":"Artist Statement"},"content":{"rendered":"\t\t<div data-elementor-type=\"wp-page\" data-elementor-id=\"1804\" class=\"elementor elementor-1804\">\n\t\t\t\t\t\t<div class=\"elementor-inner\">\n\t\t\t\t<div class=\"elementor-section-wrap\">\n\t\t\t\t\t\t\t\t\t<section class=\"elementor-section elementor-top-section elementor-element elementor-element-3a61c383 elementor-section-boxed elementor-section-height-default elementor-section-height-default\" data-id=\"3a61c383\" data-element_type=\"section\">\n\t\t\t\t\t\t<div class=\"elementor-container elementor-column-gap-default\">\n\t\t\t\t\t\t\t<div class=\"elementor-row\">\n\t\t\t\t\t<div class=\"elementor-column elementor-col-100 elementor-top-column elementor-element elementor-element-e8f5a0f\" data-id=\"e8f5a0f\" data-element_type=\"column\">\n\t\t\t<div class=\"elementor-column-wrap elementor-element-populated\">\n\t\t\t\t\t\t\t<div class=\"elementor-widget-wrap\">\n\t\t\t\t\t\t<div class=\"elementor-element elementor-element-60523794 elementor-drop-cap-yes elementor-drop-cap-view-default elementor-widget elementor-widget-text-editor\" data-id=\"60523794\" data-element_type=\"widget\" data-settings=\"{&quot;drop_cap&quot;:&quot;yes&quot;}\" data-widget_type=\"text-editor.default\">\n\t\t\t\t<div class=\"elementor-widget-container\">\n\t\t\t\t\t\t\t\t<div class=\"elementor-text-editor elementor-clearfix\">\n\t\t\t\t<p><!-- wp:paragraph --><\/p>\n<p>Valokuvataiteessani sekoittuu tarkoituksellisesti fiktio ja fakta.<br>Er\u00e4\u00e4nlainen vastalause t\u00e4m\u00e4n ajan kuvallisen informaation hy\u00f6kyaallolle.<br>Luon kohteesta ajatuksissani fiktiomaailman, johon satujen lailla sis\u00e4llyt\u00e4n totuuden siemenen, kipe\u00e4nkin. <br>Kuvieni ymp\u00e4rist\u00f6t ja aiheet ovat hyvin harvoin keksittyj\u00e4 tai kuvausta varten rakennettuja, pikemminkin kaappauksia ohi kiit\u00e4v\u00e4st\u00e4 loputtomasta tapahtumien ja muutosten sarjasta ymp\u00e4r\u00f6iv\u00e4ss\u00e4 maailmassamme. <br>Ty\u00f6st\u00e4n kuvistani usein hieman surrealistisia, pelkistettyj\u00e4 ja joskus jopa naivistisia. Ty\u00f6skentelytavallani&nbsp;pyrin esiintuomaan sanottavani mahdollisimman moniulotteisesti, mutta samalla yksinkertaisesti, jolloin katsojalle j\u00e4\u00e4 enemm\u00e4n vapautta tulkita teoksiani. <br>Taidetta tehdess\u00e4ni toteutan el\u00e4m\u00e4naikaisia n\u00e4kemyksi\u00e4ni ja kokemuksiani, jolloin&nbsp;teoksessa voi heijastua moniulotteisia, kokonaisvaltaisia asioita ja tapahtumia. <br>Valokuvataiteeni sis\u00e4lt\u00f6 on subjektiivista sek\u00e4 tunne- ett\u00e4 aistimuspohjaista ja siit\u00e4 s\u00e4teilee my\u00f6s perinteinen kuvataiteen muotoj\u00e4rjestelm\u00e4 ja historia.&nbsp; Toteuttamani kuvallinen prosessi on oman visuaalisen muotokielen etsimist\u00e4, sek\u00e4 tunnetilojeni muuntamista kuviksi. <br>Pyrin teoksieni luomisvaiheessa kuitenkin irtautumaan hyv\u00e4ksyttyjen teknisten normien mukaisista ja yleisesti vallalla olevasta totutuista j\u00e4rjestyksist\u00e4. T\u00e4m\u00e4 siksi, ett\u00e4 arkiel\u00e4m\u00e4n sis\u00e4lt\u00e4m\u00e4 j\u00e4rjestys sulkee&nbsp;usein&nbsp;ulkopuolelleen tunnistamattomia vivahteita ja piilotettuja tunteita. Vapautuessaan unelmien kaltaisista kuvitelmista, ajatuksista tulee moniulotteisemmin tunnistettavia aiheita.<\/p>\n<p>Taiteeni on usein my\u00f6s vastakohtien hyv\u00e4ksymist\u00e4 ja oivaltamista, eik\u00e4&nbsp;milloinkaan yksiselitteinen kuva. <br>Lopullinen teokseni&nbsp; ei v\u00e4ltt\u00e4m\u00e4tt\u00e4 sis\u00e4ll\u00e4 aiheen alkuper\u00e4ist\u00e4 ilmenem\u00e4\u00e4, koska luovan prosessin aikana mieli k\u00e4sittelee aina my\u00f6s alitajuista visiotani n\u00e4hdyst\u00e4 kohteesta. Tavoitteeni on, ett\u00e4 taideteokseni n\u00e4keminen aidosti aktivoisi aistit ja antaisi l\u00e4ht\u00f6kohdan luovaan ajatteluun ja antaisi v\u00e4kev\u00e4n henkil\u00f6kohtaisen kokemuksen kuvasta.<\/p>\n<p>Kurikassa 17.05.2021<br>Tapio Haapalahti<\/p>\n<p><!-- \/wp:paragraph --><\/p>\t\t\t\t\t<\/div>\n\t\t\t\t\t\t<\/div>\n\t\t\t\t<\/div>\n\t\t\t\t<div class=\"elementor-element elementor-element-4c79058 elementor-widget elementor-widget-image\" data-id=\"4c79058\" data-element_type=\"widget\" data-widget_type=\"image.default\">\n\t\t\t\t<div class=\"elementor-widget-container\">\n\t\t\t\t\t\t\t\t<div class=\"elementor-image\">\n\t\t\t\t\t\t\t\t\t<figure class=\"wp-caption\">\n\t\t\t\t\t\t\t\t\t\t<img decoding=\"async\" width=\"240\" height=\"300\" src=\"https:\/\/tapiohaapalahti.fi\/wp-content\/uploads\/2016\/07\/PPX_-240x300.jpg\" class=\"attachment-medium size-medium\" alt=\"\" loading=\"lazy\" srcset=\"https:\/\/tapiohaapalahti.fi\/wp-content\/uploads\/2016\/07\/PPX_-240x300.jpg 240w, https:\/\/tapiohaapalahti.fi\/wp-content\/uploads\/2016\/07\/PPX_-768x960.jpg 768w, https:\/\/tapiohaapalahti.fi\/wp-content\/uploads\/2016\/07\/PPX_-820x1024.jpg 820w, https:\/\/tapiohaapalahti.fi\/wp-content\/uploads\/2016\/07\/PPX_.jpg 1639w\" sizes=\"(max-width: 240px) 100vw, 240px\" \/>\t\t\t\t\t\t\t\t\t\t\t<figcaption class=\"widget-image-caption wp-caption-text\">\"Omakuva\"<\/figcaption>\n\t\t\t\t\t\t\t\t\t\t<\/figure>\n\t\t\t\t\t\t\t\t<\/div>\n\t\t\t\t\t\t<\/div>\n\t\t\t\t<\/div>\n\t\t\t\t\t\t<\/div>\n\t\t\t\t\t<\/div>\n\t\t<\/div>\n\t\t\t\t\t\t\t\t<\/div>\n\t\t\t\t\t<\/div>\n\t\t<\/section>\n\t\t\t\t\t\t\t\t\t<\/div>\n\t\t\t<\/div>\n\t\t\t\t\t<\/div>\n\t\t","protected":false},"excerpt":{"rendered":"<p>Valokuvataiteessani sekoittuu tarkoituksellisesti fiktio ja fakta.Er\u00e4\u00e4nlainen vastalause t\u00e4m\u00e4n ajan kuvallisen informaation hy\u00f6kyaallolle.Luon kohteesta ajatuksissani fiktiomaailman, johon satujen lailla sis\u00e4llyt\u00e4n totuuden siemenen, kipe\u00e4nkin. Kuvieni ymp\u00e4rist\u00f6t ja aiheet ovat hyvin harvoin keksittyj\u00e4 tai kuvausta varten rakennettuja, pikemminkin kaappauksia ohi kiit\u00e4v\u00e4st\u00e4 loputtomasta tapahtumien&#8230; <a href=\"https:\/\/tapiohaapalahti.fi\/index.php\/artist-statement\/\" class=\"read-more\">Read More<\/a><\/p>\n","protected":false},"author":1,"featured_media":0,"parent":0,"menu_order":0,"comment_status":"closed","ping_status":"closed","template":"","meta":[],"_links":{"self":[{"href":"https:\/\/tapiohaapalahti.fi\/index.php\/wp-json\/wp\/v2\/pages\/1804"}],"collection":[{"href":"https:\/\/tapiohaapalahti.fi\/index.php\/wp-json\/wp\/v2\/pages"}],"about":[{"href":"https:\/\/tapiohaapalahti.fi\/index.php\/wp-json\/wp\/v2\/types\/page"}],"author":[{"embeddable":true,"href":"https:\/\/tapiohaapalahti.fi\/index.php\/wp-json\/wp\/v2\/users\/1"}],"replies":[{"embeddable":true,"href":"https:\/\/tapiohaapalahti.fi\/index.php\/wp-json\/wp\/v2\/comments?post=1804"}],"version-history":[{"count":80,"href":"https:\/\/tapiohaapalahti.fi\/index.php\/wp-json\/wp\/v2\/pages\/1804\/revisions"}],"predecessor-version":[{"id":2404,"href":"https:\/\/tapiohaapalahti.fi\/index.php\/wp-json\/wp\/v2\/pages\/1804\/revisions\/2404"}],"wp:attachment":[{"href":"https:\/\/tapiohaapalahti.fi\/index.php\/wp-json\/wp\/v2\/media?parent=1804"}],"curies":[{"name":"wp","href":"https:\/\/api.w.org\/{rel}","templated":true}]}}